3 + -50. Let z(a) = a**3 - 12*a**2 - 13*a + 12. Let l be z(n). What is the highest common divisor of 6 and l?
6
Suppose 3448*n - 3600 = 3439*n. What is the greatest common divisor of n and 240?
80
Suppose 4*p + 111 = d - 44, 3*d + 2*p - 423 = 0. Let l be (4/6)/((-11)/(-99)). Suppose 0*z = l*z - 78. Calculate the highest common factor of d and z.
13
Suppose -26*v + 4*n = -29*v + 28, v + 4*n - 12 = 0. Let m be 20*1/(1/2). What is the highest common divisor of v and m?
8
Let a(f) = 26*f - 7. Let b be a(4). Suppose 4*y + j = b, -y + 37 = -0*j - 4*j. Suppose 4*n = 93 + 107. Calculate the greatest common divisor of n and y.
25
Suppose -4*j - 17 = 51. Let t be 1740/54 + (-2)/9. Let u = t + j. What is the highest common divisor of u and 135?
15
Let o(r) = 2*r**2 + 3*r. Let v be o(-3). Let c = v + -7. Let d be -1 + (11 - 2 - c). What is the greatest common divisor of 2 and d?
2
Let l = 29 + -26. Suppose 4*z + 2*i = -3*i + 38, 5*z = l*i + 29. What is the greatest common factor of z and 7?
7
Let i(k) = 4*k - 9 - 2 + 6. Let a be i(8). Let m be (18/4)/((-2)/(-8)). Calculate the highest common divisor of a and m.
9
Let j(k) be the third derivative of k**4/24 - k**3/3 - 5*k**2. Let z be j(8). Suppose -p = -z*p + 140. Calculate the greatest common factor of 42 and p.
14
Suppose 20*d - 25*d - 180 = 0. Let l be 1 + (-330)/(-4) + (-54)/d. What is the highest common factor of l and 5?
5
Suppose 2*m = 6*m - 104. Let h be m/7 + 2/7. Suppose 0*j - 3 = -5*j - h*f, 4*j + 3*f = 3. What is the greatest common factor of 15 and j?
3
Let f be (-12)/(-15) + (-1)/((-30)/1566). What is the highest common divisor of 265 and f?
53
Let g be ((-30)/75)/(1/(-5)). Suppose -5*w = 2*s + 2*s - 167, w + 101 = g*s. What is the highest common divisor of s and 16?
16
Let w be 2/7 + (-26)/(-7). Suppose -w*h + d + 88 = -2*h, -h = -d - 46. Let o(s) = s**2 + 6*s - 58. Let j be o(6). What is the highest common divisor of j and h?
14
Suppose 44 = 4*o - i, 10*o - 4*i = 5*o + 66. Suppose -z - z = -o. Suppose z*v + 21 = 86. What is the greatest common factor of v and 65?
13
Let v be 3 - 144/(-1 - 3). Let l be -1*v*(-20)/60. What is the highest common factor of l and 143?
13
Let s be 1/(2 - (-28)/(-16)). Suppose s*d = -3*j + 33, -4*d = d - 2*j - 70. What is the highest common factor of 84 and d?
12
Let d be (-9)/(297/(-55)) - (-58)/3. Suppose 4*r + 478 = -138. Let l = r - -385. What is the greatest common divisor of d and l?
21
Let m(r) = -r**2 + 15*r + 7. Let y(u) = -u**2 + 14*u + 20. Let b be y(14). Let h = b + -12. Let p be m(h). Calculate the greatest common factor of p and 7.
7
Let b(p) = -17*p**3 - p**2 - p - 1. Let m be b(-1). Suppose -8 = -3*o + 3*d + m, 4*o + d - 17 = 0. Calculate the greatest common divisor of o and 5.
5
Suppose 2*t = 5*o - 37, -o + 2*o - 5 = 0. Let x = 16 + t. Calculate the greatest common factor of 20 and x.
10
Suppose -5*k + 9 = -11. Suppose 0 = 3*i - 5*l - 49, -2*i + k + 30 = -3*l. Let b = -9 + i. Calculate the greatest common factor of b and 7.
7
Let q(u) = 11*u + 68. Let v be q(-6). Suppose 3*y = -v*y + 195. What is the highest common divisor of y and 26?
13
Suppose 3*h = 5*k + 549, -3*h + 82 = -k - 35. Suppose -2*c + 48 = -6*c. Let d = c - k. What is the highest common factor of 12 and d?
12
Let x(d) = d**2 + d. Let u(l) = -l**3 + 3*l**2 - 4*l - 6. Let m(z) = u(z) + 3*x(z). Let n be m(3). Calculate the greatest common divisor of n and 36.
18
Suppose -5*j + k = 44, 5*j + 24 = 3*j + 2*k. Let m(o) = -3*o + o + 4 - o. Let s be m(j). What is the highest common divisor of 14 and s?
14
Let p = -83 - -92. Let k(i) = i**3 - 9*i**2 + 2*i - 4. Let o be k(p). Suppose 5*q + 3*x = -0 + 13, 5*x = q + 3. What is the highest common divisor of q and o?
2
Let g be (3 - (-5)/(-1))/(-2). Suppose c - 2*m = -0*m - g, 3 = 3*m. Suppose 2 = 3*t - c. Calculate the greatest common divisor of t and 3.
1
Let a(k) = k**2 + 29*k - 66. Let v be a(-31). Let u = v + 9. Calculate the highest common factor of 35 and u.
5
Suppose -4*c + 6*i + 40 = 2*i, 5*i = c - 14. Let g = 77 - 46. Suppose 4*r - g - c = 0. What is the highest common divisor of r and 25?
5
Let j = 1359 - 685. Suppose -2 = 4*u - j. What is the highest common factor of u and 21?
21
Suppose w - 3*w = 0. Suppose 5*f - 69 - 66 = w. What is the highest common factor of f and 9?
9
Suppose 0 = -h + 2*d + 11 + 120, -h + 113 = 4*d. Suppose -5*q + 117 = -3*j, -q = -6*q - 5*j + h. Calculate the greatest common factor of q and 3.
3
Let a(r) = -r**3 - 16*r**2 + 78*r + 155. Let x be a(-21). What is the highest common factor of x and 114?
38
Let t(j) = -3*j + 64. Let i be t(16). Calculate the highest common divisor of 40 and i.
8
Suppose 0 = 5*o - 15, t = o + 21 + 3. Let p be 153/t - 4/6. Suppose p*h = 8*h - 78. What is the greatest common divisor of h and 13?
13
Suppose -l - 3*x + 22 + 3 = 0, -1 = x. Calculate the highest common divisor of 322 and l.
14
Let t be (-60)/(-40) - (-14)/4. What is the greatest common divisor of 15 and t?
5
Let d = 43 + -27. Let t = d + -8. Suppose 59 = 3*r + 11. What is the highest common factor of t and r?
8
Let i be (3 + -14)/(2/(-10)). Let k = -49 - -71. Calculate the highest common divisor of i and k.
11
Let p(w) = w**3 + 18*w**2 + 2*w + 50. Let n be p(-18). What is the greatest common factor of 434 and n?
14
Let j be (-255)/(-9) + 28/(-12). What is the greatest common factor of j and 4?
2
Suppose a + 2*a = 6. Suppose -5*h + 2*m + 98 = 0, -a*h + 5 = 5*m - 11. Let y(g) = -2*g + 22. Let q be y(-7). Calculate the highest common factor of h and q.
18
Suppose 2*m + 101 = l, -5*m + 294 = 3*l - 2*m. What is the highest common factor of 11 and l?
11
Let f = 871 + -862. Let r = 15 + 57. What is the highest common factor of f and r?
9
Suppose 2*p = -p - 3*f + 63, -4*f = -2*p + 24. Calculate the greatest common divisor of p and 99.
9
Suppose -5*b = -0*b - 15. Suppose -s + b*s + 6 = 0. Let w be ((-12)/7)/(s/21). What is the greatest common divisor of 84 and w?
12
Suppose 2*v + v = 0. Suppose v*k + 5*k - 150 = 0. Suppose -7*b - 424 = -949. What is the highest common divisor of k and b?
15
Let h(y) = y**3 - 3*y**2 - 7*y + 5. Let r be h(5). Let z be (-162)/(-12)*(1200/(-18))/(-5). What is the highest common factor of r and z?
20
Let b = 18 - 11. Suppose 4*d - h - b = d, -2*d = 4*h + 14. Calculate the highest common divisor of 1 and d.
1
Let t(l) = 117*l + 23. Let h be t(0). What is the highest common divisor of 46 and h?
23
Let w be 2/10 - (-27)/15. Let m be (-185)/(-2) + (-1)/w. Suppose 6 = -3*r, 5*n - r - m = -0*n. Calculate the highest common factor of 162 and n.
18
Let b = -39 - -58. Let o = -168 + 339. What is the greatest common divisor of b and o?
19
Let b(u) = 3*u**3 - 19*u**2 - 3*u + 44. Let c be b(7). What is the greatest common factor of c and 22?
11
Let g be 5 - 2 - (-1 - -4). Suppose 4*l + g*x = -2*x, 4*l = -5*x. Suppose h = 2*s - 2*h - 10, s - 2*h - 6 = l. Calculate the greatest common divisor of s and 8.
2
Let w = 84 - 42. Let g = w - 30. Calculate the highest common divisor of 36 and g.
12
Let i = 515 - 9. Suppose -2*y - 3*y = -230. What is the highest common divisor of i and y?
46
Suppose -34*s + 78 = -32*s. Calculate the highest common divisor of 273 and s.
39
Let j be 108/(-48)*(9/(-3) + -173). What is the greatest common divisor of 36 and j?
36
Suppose -p - 111 = -4*p. Suppose p = 2*y - 3*a, -2*a - 16 = -5*y + 71. What is the greatest common factor of y and 51?
17
Suppose -l = -4*v + 15, 2*v = -3*v + 20. What is the highest common factor of l and 2?
1
Let w be (-1)/(-1 - 600/(-595)). Let o = w + 129. What is the highest common divisor of o and 50?
10
Suppose 13*k - 179 = -23. Let z = -33 - -117. Calculate the greatest common divisor of k and z.
12
Suppose -3*o + 2*t + 138 = 0, -28*o = -23*o - 2*t - 234. Calculate the highest common divisor of 768 and o.
48
Let u(s) = 2*s + 3*s**2 - 8*s**2 + 4*s**2 - 14 - 20*s. Let t be u(-17). Calculate the greatest common factor of 24 and t.
3
Let d(a) = a**2 + 13 + 126*a - 2 - 136*a. Let r be d(10). Calculate the highest common factor of 22 and r.
11
Suppose 2*v + 3*r + 2*r + 40 = 0, 0 = -2*r. Let c be (-5)/v + 43/4. Let a = 27 + 6. What is the highest common divisor of c and a?
11
Suppose -13*v + 4402 + 889 = 0. What is the greatest common divisor of 11 and v?
11
Let a(t)